w + 80. Suppose -i = -9*n + 36. What is the highest common factor of n and 56?
14
Let q = -14 + 59. Suppose j = 79 + q. Let t = -113 + j. Calculate the highest common divisor of 33 and t.
11
Suppose 0 = -56*m + 2620 + 1748. Calculate the highest common factor of m and 1287.
39
Suppose -2*a = -0*a + 1580. Let u be a/(-18) + (-80)/9 + 9. Calculate the greatest common divisor of u and 550.
22
Let d be 32115075/4625 + ((54/(-10))/3 - -2). What is the greatest common factor of 8 and d?
8
Suppose 5*d - 49 - 1 = 0. Let j be (720/(-96))/((-90)/(-972)*3/(-10)). What is the greatest common factor of j and d?
10
Let p be (0 - -16)*(-3 - 65/(-20)). Suppose 3770 = 33*q - p*q. Calculate the greatest common factor of q and 40.
10
Suppose 906*u - 1700 = 902*u - 4*a, 4*u - 1749 = 3*a. What is the highest common divisor of u and 1232?
16
Let g = 71 + -42. Suppose -12 = -4*z, 4*j - j - 12 = -3*z. What is the greatest common factor of g and j?
1
Let h be (-2 - 0)/(22/(-33)). Suppose 0 = -h*v + 112 - 40. Suppose -k = -5*x + 119, -8*x - k = -3*x - 121. Calculate the highest common divisor of v and x.
24
Suppose -7*o + 3*o = -104. Let n(w) = w**2 + 14*w - 71. Let h be n(5). Suppose a + h = o. Calculate the greatest common divisor of a and 16.
2
Suppose -n + 70 = y - 2*n, 4*y - 2*n = 276. Let f = y + -38. Suppose -b = -0*t - 2*t - f, -220 = -5*b - 4*t. Calculate the highest common divisor of 10 and b.
10
Let m(d) = 2*d**2 - 34*d + 64. Let g be m(17). Calculate the highest common divisor of g and 7232.
64
Let x = 174 - 183. Let d be x/21 - (-5064)/56. Calculate the highest common divisor of 18 and d.
18
Suppose 10657*h - 10667*h = -360. What is the highest common divisor of h and 164?
4
Let l(f) = f**2 + f + 416. Let u be l(0). Calculate the greatest common factor of u and 64.
32
Suppose -4*t + 6*t - 24 = 0. Suppose 3*z - 7 = 20. Let f be -4 + z/((-18)/(-176)). What is the highest common divisor of f and t?
12
Suppose 5*j = 5*r + 4*j + 903, -4*r = 4*j + 732. Let w = r - -216. What is the highest common divisor of 455 and w?
35
Let a(m) = -m**3 + 88*m**2 - 413*m - 109. Let h be a(83). What is the greatest common factor of h and 2717?
19
Let z = -3705 - -4441. What is the greatest common divisor of 46 and z?
46
Let v be (8 - 9)*7/(-1). Suppose 2*r = 5*i - v + 23, -3*i + 71 = 5*r. Suppose -57 = -16*c + r*c. Calculate the greatest common divisor of c and 19.
19
Let g(j) = j**2 - j + 2. Let k be g(-7). Let s = k + -32. Calculate the greatest common divisor of s and 52.
26
Let r = -55 + 100. Let i(k) = r*k + 137 - 138 + 37*k. Let p be i(1). Calculate the greatest common factor of 54 and p.
27
Suppose m + 3*k = 3, -6*m + 32 = -m - 2*k. Let x = -5847 - -5855. Calculate the highest common factor of m and x.
2
Suppose 2*g + 4*u = -u + 72, u = -3*g + 134. Let t = g - -58. Calculate the greatest common divisor of t and 26.
26
Let o = 475 + -446. Suppose -o = -3*q + 3*w + w, -5*w + 60 = 5*q. What is the greatest common divisor of 209 and q?
11
Let b be (-192)/240 + ((-10782)/(-15) - 3 - 0). What is the highest common factor of 858 and b?
143
Let m be 2/8 - 417/(-12). Let b = 7686 - 7625. Let g = b - m. Calculate the highest common factor of g and 13.
13
Let n be 41/2 - (-1)/(-2). Suppose 11*u - 1956 = -471. Let o = u + -95. What is the greatest common divisor of o and n?
20
Suppose -4*j = g - 50, -g = -5*j + 90 - 32. Suppose 4*r + p - 34 = -r, -3*p = -j. Suppose r*b - 3*b = 15. What is the greatest common divisor of b and 25?
5
Suppose -3*o - 6*l + 24 = -10*l, 5*l = -4*o + 32. Let u be 4/6 + (-5)/(-15). Let j(p) = 22*p - 2. Let k be j(u). What is the highest common factor of k and o?
4
Let q(k) = k**3 + 137*k**2 + 398*k - 325. Let r be q(-134). What is the greatest common divisor of r and 2?
1
Let k = 2309 + -2301. Calculate the highest common divisor of 14 and k.
2
Let d be 1*(0 + -2) + 232. Suppose -4*v + v - 230 = -10*g, 0 = -3*g - 4*v + 20. What is the greatest common factor of g and d?
10
Let k be 8004/(-261)*(2 - 38). Suppose 3*a + 0*a = 276. What is the greatest common factor of a and k?
92
Suppose -9*c - 67599 - 1580 = -28*c. What is the highest common factor of c and 11?
11
Let t(k) = 101*k - 834. Let i be t(9). What is the highest common factor of 2 and i?
1
Let g(j) = 88*j**3 - 2*j**2 - j. Let n be g(-3). Let c be n/(-15) + 3/5. Suppose -577 + 177 = -10*z. Calculate the greatest common divisor of z and c.
40
Let r = 6435 + -5823. What is the greatest common divisor of r and 136?
68
Suppose l - 24 = 8. Let m(y) = -7*y**2 - 7*y + 7. Let s be m(1). Let d = 11 + s. What is the highest common divisor of d and l?
4
Suppose -3*l + 19*f - 21*f = -16, -4*l + 8 = -4*f. Suppose -4*n = -4*q - 228, -l*n + 213 = -4*q + 5*q. What is the greatest common factor of n and 90?
18
Suppose 30*b + 6 = 29*b. Let x(p) = -36*p**2 - 8*p - 12. Let l be x(b). Let u be (1/2)/(-4 - 5045/l). Calculate the highest common divisor of u and 6.
6
Let k(b) = 5*b**2 - 99*b + 206. Let x be k(19). Let i = -121 + 225. Calculate the highest common factor of x and i.
26
Suppose 0 = -17*w - 489 + 13239. Let f = w + -734. Calculate the highest common divisor of 20 and f.
4
Let j(p) be the third derivative of -p**6/8 + p**5/12 + p**4/4 - p**3/3 - 69*p**2. Let z be j(-3). Calculate the greatest common factor of z and 10.
10
Suppose -142*l = -101*l - 6847. What is the greatest common divisor of 13861 and l?
167
Let q = 10919 - 10743. Calculate the highest common divisor of 253 and q.
11
Let q(i) = 5*i + 61. Let g be q(-12). Calculate the greatest common divisor of g and 139.
1
Suppose -5*g + 4*g = -2. Let s be (0 + (-550)/(-20))*g/5. Calculate the greatest common factor of s and 121.
11
Suppose -581 - 139 = -8*f - 7*f. Calculate the greatest common divisor of 1888 and f.
16
Let n be (27/6)/(444/4144). What is the highest common divisor of 222 and n?
6
Let j(z) = 1241*z - 24. Let p be j(1). Suppose 24*s = -161 + p. Calculate the highest common factor of s and 132.
44
Let i = -677 - -436. Let l = 406 + i. Calculate the highest common divisor of 15 and l.
15
Let a(s) = -101*s + 1215. Let q be a(10). What is the highest common divisor of q and 275?
5
Let b = -37 + 57. Let p(u) = u**2 - 17*u + 20. Let f be p(b). Suppose t - 107 = f. What is the greatest common factor of 11 and t?
11
Let t be 12/14*210/60. Suppose -38 = -t*n + 52. Calculate the greatest common divisor of n and 48.
6
Let r be (-4*1)/((-2)/1). Let j(y) = 5*y**2 + 147*y - 74. Let v be j(-30). What is the highest common factor of r and v?
2
Let b be -2 + 1 - (-12 + 13). Let i(r) = -8*r. Let q be i(b). Suppose -5*c + 2*x + 122 = x, q = c + 4*x. What is the highest common factor of c and 60?
12
Suppose -2*w - 14250 + 54762 = 6*s, -5*w = -4*s - 101147. Calculate the greatest common divisor of w and 285.
285
Let g be -83 - -91 - (0 + -4 - -8). Let k be 1*-2*1 + 16. What is the greatest common divisor of g and k?
2
Let y be (-3 + (3 - 3))/((-30)/(-20)). Let q(u) = 32*u**2 + 3*u - 3. Let a be q(y). Calculate the greatest common divisor of a and 42.
7
Let i = -1717 - -3559. Calculate the highest common factor of i and 4.
2
Let a = 6799 - 6774. What is the greatest common divisor of 305 and a?
5
Suppose -4*o - 376 = -4*s, s - 782 = -3*o - 668. What is the highest common factor of 4059 and s?
99
Suppose 4*m + 17260 = 4*n, 2*n - 23*m - 8640 = -19*m. Calculate the highest common divisor of 10 and n.
10
Suppose -249*q + 7937 = -8248. Calculate the greatest common factor of 385 and q.
5
Suppose -52*u + 3555 - 40 = -489. Let b be 9 - (0 - -1 - 3). What is the highest common factor of u and b?
11
Let h(o) = o**2 - 8*o - 27. Let i be h(-4). Let p be (-1*118)/(2/3). Let w = i - p. What is the greatest common divisor of w and 18?
18
Let f be -11 - 0 - (2 - -2). Let u = 18 + f. Suppose 0 = 2*t - 0 - 2. Calculate the highest common factor of u and t.
1
Let o(w) = 16*w - 93. Let t be (((-540)/(-25))/9)/((-3)/(-10)). Let y be o(t). What is the highest common divisor of 21 and y?
7
Suppose -1099*x + 1097*x = -3078. Calculate the greatest common factor of x and 324.
81
Suppose 3*q = t - 99 - 96, -5*t + 5*q = -1025. Calculate the highest common factor of 1750 and t.
70
Suppose -11035 + 123725 = 10*a. What is the greatest common divisor of 59 and a?
59
Suppose -2 = k - 4*s, -k = -2